{"id":94,"date":"2023-05-05T14:20:28","date_gmt":"2023-05-05T12:20:28","guid":{"rendered":"https:\/\/atelierdespetitessouris.com\/?page_id=94"},"modified":"2025-09-25T12:43:23","modified_gmt":"2025-09-25T10:43:23","slug":"ateliers-de-loisirs-creatifs-2","status":"publish","type":"page","link":"https:\/\/atelierdespetitessouris.com\/index.php\/ateliers-de-loisirs-creatifs-2\/","title":{"rendered":"Loisirs cr\u00e9atifs"},"content":{"rendered":"\n<h1 class=\"wp-block-heading has-text-align-left\">Ateliers de loisirs cr\u00e9atifs<\/h1>\n\n\n\n<p class=\"has-text-align-center\"><\/p>\n\n\n\n<p class=\"has-text-align-left\">Voici quelques exemples de ce que je propose comme ateliers :<\/p>\n\n\n\n<ul class=\"wp-block-list\">\n<li>Travail du papier : carterie pop up (qui surgit), quilling (paperolles), enveloppe personalis\u00e9e, boites cadeaux, etc.<\/li>\n\n\n\n<li>Cr\u00e9ations avec des objets recycl\u00e9s : pot \u00e0 crayon, petite voiture, fleurs en boites \u00e0 oeufs, etc.<\/li>\n\n\n\n<li>Cr\u00e9ation \u00e0 partir d&rsquo;\u00e9l\u00e9ments de la nature notamment les coquillages.<\/li>\n\n\n\n<li>Collage<\/li>\n\n\n\n<li>R\u00e9alisation en laine et feutrine : animaux en pompons, porte-clefs<\/li>\n<\/ul>\n\n\n\n<div style=\"height:22px\" aria-hidden=\"true\" class=\"wp-block-spacer\"><\/div>\n\n\n\n<figure class=\"wp-block-gallery alignfull has-nested-images columns-6 is-cropped wp-block-gallery-1 is-layout-flex wp-block-gallery-is-layout-flex\">\n<figure class=\"wp-block-image size-large is-style-rounded\"><img loading=\"lazy\" decoding=\"async\" width=\"1024\" height=\"768\" data-id=\"53\" src=\"https:\/\/atelierdespetitessouris.com\/wp-content\/uploads\/2023\/03\/fleur-en-papier-crepon-1-1024x768.jpg\" alt=\"\" class=\"wp-image-53\" srcset=\"https:\/\/atelierdespetitessouris.com\/wp-content\/uploads\/2023\/03\/fleur-en-papier-crepon-1-1024x768.jpg 1024w, https:\/\/atelierdespetitessouris.com\/wp-content\/uploads\/2023\/03\/fleur-en-papier-crepon-1-300x225.jpg 300w, https:\/\/atelierdespetitessouris.com\/wp-content\/uploads\/2023\/03\/fleur-en-papier-crepon-1-768x576.jpg 768w, https:\/\/atelierdespetitessouris.com\/wp-content\/uploads\/2023\/03\/fleur-en-papier-crepon-1-1536x1152.jpg 1536w, https:\/\/atelierdespetitessouris.com\/wp-content\/uploads\/2023\/03\/fleur-en-papier-crepon-1-2048x1536.jpg 2048w\" sizes=\"auto, (max-width: 1024px) 100vw, 1024px\" \/><figcaption class=\"wp-element-caption\">Fleur en papier cr\u00e9pon<\/figcaption><\/figure>\n\n\n\n<figure class=\"wp-block-image size-large is-style-rounded\"><img loading=\"lazy\" decoding=\"async\" width=\"768\" height=\"1024\" data-id=\"144\" src=\"https:\/\/atelierdespetitessouris.com\/wp-content\/uploads\/2023\/05\/IMG_20221007_111405-768x1024.jpg\" alt=\"\" class=\"wp-image-144\" srcset=\"https:\/\/atelierdespetitessouris.com\/wp-content\/uploads\/2023\/05\/IMG_20221007_111405-768x1024.jpg 768w, https:\/\/atelierdespetitessouris.com\/wp-content\/uploads\/2023\/05\/IMG_20221007_111405-225x300.jpg 225w, https:\/\/atelierdespetitessouris.com\/wp-content\/uploads\/2023\/05\/IMG_20221007_111405-1152x1536.jpg 1152w, https:\/\/atelierdespetitessouris.com\/wp-content\/uploads\/2023\/05\/IMG_20221007_111405-1536x2048.jpg 1536w, https:\/\/atelierdespetitessouris.com\/wp-content\/uploads\/2023\/05\/IMG_20221007_111405-scaled.jpg 1920w\" sizes=\"auto, (max-width: 768px) 100vw, 768px\" \/><figcaption class=\"wp-element-caption\">Dame en coquillage<\/figcaption><\/figure>\n\n\n\n<figure class=\"wp-block-image size-large is-style-rounded\"><img loading=\"lazy\" decoding=\"async\" width=\"681\" height=\"1024\" data-id=\"239\" src=\"https:\/\/atelierdespetitessouris.com\/wp-content\/uploads\/2025\/09\/IMG_20250925_112503-681x1024.jpg\" alt=\"\" class=\"wp-image-239\" srcset=\"https:\/\/atelierdespetitessouris.com\/wp-content\/uploads\/2025\/09\/IMG_20250925_112503-681x1024.jpg 681w, https:\/\/atelierdespetitessouris.com\/wp-content\/uploads\/2025\/09\/IMG_20250925_112503-200x300.jpg 200w, https:\/\/atelierdespetitessouris.com\/wp-content\/uploads\/2025\/09\/IMG_20250925_112503-768x1155.jpg 768w, https:\/\/atelierdespetitessouris.com\/wp-content\/uploads\/2025\/09\/IMG_20250925_112503-1022x1536.jpg 1022w, https:\/\/atelierdespetitessouris.com\/wp-content\/uploads\/2025\/09\/IMG_20250925_112503-1362x2048.jpg 1362w, https:\/\/atelierdespetitessouris.com\/wp-content\/uploads\/2025\/09\/IMG_20250925_112503-scaled.jpg 1703w\" sizes=\"auto, (max-width: 681px) 100vw, 681px\" \/><figcaption class=\"wp-element-caption\">Pot \u00e0 crayon <\/figcaption><\/figure>\n\n\n\n<figure class=\"wp-block-image size-large is-style-rounded\"><img loading=\"lazy\" decoding=\"async\" width=\"1024\" height=\"771\" data-id=\"168\" src=\"https:\/\/atelierdespetitessouris.com\/wp-content\/uploads\/2023\/05\/IMG_20230507_113508-1024x771.jpg\" alt=\"\" class=\"wp-image-168\" srcset=\"https:\/\/atelierdespetitessouris.com\/wp-content\/uploads\/2023\/05\/IMG_20230507_113508-1024x771.jpg 1024w, https:\/\/atelierdespetitessouris.com\/wp-content\/uploads\/2023\/05\/IMG_20230507_113508-300x226.jpg 300w, https:\/\/atelierdespetitessouris.com\/wp-content\/uploads\/2023\/05\/IMG_20230507_113508-768x578.jpg 768w, https:\/\/atelierdespetitessouris.com\/wp-content\/uploads\/2023\/05\/IMG_20230507_113508-1536x1157.jpg 1536w, https:\/\/atelierdespetitessouris.com\/wp-content\/uploads\/2023\/05\/IMG_20230507_113508-2048x1542.jpg 2048w\" sizes=\"auto, (max-width: 1024px) 100vw, 1024px\" \/><figcaption class=\"wp-element-caption\">Collage<\/figcaption><\/figure>\n\n\n\n<figure class=\"wp-block-image size-large is-style-rounded\"><img loading=\"lazy\" decoding=\"async\" width=\"595\" height=\"1024\" data-id=\"261\" src=\"https:\/\/atelierdespetitessouris.com\/wp-content\/uploads\/2025\/09\/1758731417726-595x1024.jpg\" alt=\"\" class=\"wp-image-261\" srcset=\"https:\/\/atelierdespetitessouris.com\/wp-content\/uploads\/2025\/09\/1758731417726-595x1024.jpg 595w, https:\/\/atelierdespetitessouris.com\/wp-content\/uploads\/2025\/09\/1758731417726-174x300.jpg 174w, https:\/\/atelierdespetitessouris.com\/wp-content\/uploads\/2025\/09\/1758731417726-768x1322.jpg 768w, https:\/\/atelierdespetitessouris.com\/wp-content\/uploads\/2025\/09\/1758731417726-893x1536.jpg 893w, https:\/\/atelierdespetitessouris.com\/wp-content\/uploads\/2025\/09\/1758731417726-1190x2048.jpg 1190w, https:\/\/atelierdespetitessouris.com\/wp-content\/uploads\/2025\/09\/1758731417726-scaled.jpg 1488w\" sizes=\"auto, (max-width: 595px) 100vw, 595px\" \/><figcaption class=\"wp-element-caption\">Pinguoin <\/figcaption><\/figure>\n\n\n\n<figure class=\"wp-block-image size-large is-style-rounded\"><img loading=\"lazy\" decoding=\"async\" width=\"1024\" height=\"771\" data-id=\"166\" src=\"https:\/\/atelierdespetitessouris.com\/wp-content\/uploads\/2023\/05\/IMG_20230507_113532-1024x771.jpg\" alt=\"\" class=\"wp-image-166\" srcset=\"https:\/\/atelierdespetitessouris.com\/wp-content\/uploads\/2023\/05\/IMG_20230507_113532-1024x771.jpg 1024w, https:\/\/atelierdespetitessouris.com\/wp-content\/uploads\/2023\/05\/IMG_20230507_113532-300x226.jpg 300w, https:\/\/atelierdespetitessouris.com\/wp-content\/uploads\/2023\/05\/IMG_20230507_113532-768x578.jpg 768w, https:\/\/atelierdespetitessouris.com\/wp-content\/uploads\/2023\/05\/IMG_20230507_113532-1536x1157.jpg 1536w, https:\/\/atelierdespetitessouris.com\/wp-content\/uploads\/2023\/05\/IMG_20230507_113532-2048x1542.jpg 2048w\" sizes=\"auto, (max-width: 1024px) 100vw, 1024px\" \/><figcaption class=\"wp-element-caption\">Fleur en quilling<\/figcaption><\/figure>\n\n\n\n<figure class=\"wp-block-image size-large is-style-rounded\"><img loading=\"lazy\" decoding=\"async\" width=\"1024\" height=\"771\" data-id=\"161\" src=\"https:\/\/atelierdespetitessouris.com\/wp-content\/uploads\/2023\/05\/carte-pop-up-retouchee-1024x771.jpg\" alt=\"\" class=\"wp-image-161\" srcset=\"https:\/\/atelierdespetitessouris.com\/wp-content\/uploads\/2023\/05\/carte-pop-up-retouchee-1024x771.jpg 1024w, https:\/\/atelierdespetitessouris.com\/wp-content\/uploads\/2023\/05\/carte-pop-up-retouchee-300x226.jpg 300w, https:\/\/atelierdespetitessouris.com\/wp-content\/uploads\/2023\/05\/carte-pop-up-retouchee-768x578.jpg 768w, https:\/\/atelierdespetitessouris.com\/wp-content\/uploads\/2023\/05\/carte-pop-up-retouchee-1536x1157.jpg 1536w, https:\/\/atelierdespetitessouris.com\/wp-content\/uploads\/2023\/05\/carte-pop-up-retouchee-2048x1542.jpg 2048w\" sizes=\"auto, (max-width: 1024px) 100vw, 1024px\" \/><figcaption class=\"wp-element-caption\">Carte pop up<\/figcaption><\/figure>\n\n\n\n<figure class=\"wp-block-image size-large is-style-rounded\"><img loading=\"lazy\" decoding=\"async\" width=\"1024\" height=\"771\" data-id=\"167\" src=\"https:\/\/atelierdespetitessouris.com\/wp-content\/uploads\/2023\/05\/IMG_20230507_113046-1024x771.jpg\" alt=\"\" class=\"wp-image-167\" srcset=\"https:\/\/atelierdespetitessouris.com\/wp-content\/uploads\/2023\/05\/IMG_20230507_113046-1024x771.jpg 1024w, https:\/\/atelierdespetitessouris.com\/wp-content\/uploads\/2023\/05\/IMG_20230507_113046-300x226.jpg 300w, https:\/\/atelierdespetitessouris.com\/wp-content\/uploads\/2023\/05\/IMG_20230507_113046-768x578.jpg 768w, https:\/\/atelierdespetitessouris.com\/wp-content\/uploads\/2023\/05\/IMG_20230507_113046-1536x1157.jpg 1536w, https:\/\/atelierdespetitessouris.com\/wp-content\/uploads\/2023\/05\/IMG_20230507_113046-2048x1542.jpg 2048w\" sizes=\"auto, (max-width: 1024px) 100vw, 1024px\" \/><figcaption class=\"wp-element-caption\">Collage<\/figcaption><\/figure>\n\n\n\n<figure class=\"wp-block-image size-large is-style-rounded\"><img loading=\"lazy\" decoding=\"async\" width=\"1024\" height=\"911\" data-id=\"243\" src=\"https:\/\/atelierdespetitessouris.com\/wp-content\/uploads\/2025\/09\/IMG_20250925_111600-1024x911.jpg\" alt=\"\" class=\"wp-image-243\" srcset=\"https:\/\/atelierdespetitessouris.com\/wp-content\/uploads\/2025\/09\/IMG_20250925_111600-1024x911.jpg 1024w, https:\/\/atelierdespetitessouris.com\/wp-content\/uploads\/2025\/09\/IMG_20250925_111600-300x267.jpg 300w, https:\/\/atelierdespetitessouris.com\/wp-content\/uploads\/2025\/09\/IMG_20250925_111600-768x683.jpg 768w, https:\/\/atelierdespetitessouris.com\/wp-content\/uploads\/2025\/09\/IMG_20250925_111600-1536x1366.jpg 1536w, https:\/\/atelierdespetitessouris.com\/wp-content\/uploads\/2025\/09\/IMG_20250925_111600-2048x1822.jpg 2048w\" sizes=\"auto, (max-width: 1024px) 100vw, 1024px\" \/><figcaption class=\"wp-element-caption\">Carte pop up<\/figcaption><\/figure>\n\n\n\n<figure class=\"wp-block-image size-large is-style-rounded\"><img loading=\"lazy\" decoding=\"async\" width=\"1024\" height=\"663\" data-id=\"240\" src=\"https:\/\/atelierdespetitessouris.com\/wp-content\/uploads\/2025\/09\/IMG_20250925_111724-1024x663.jpg\" alt=\"\" class=\"wp-image-240\" srcset=\"https:\/\/atelierdespetitessouris.com\/wp-content\/uploads\/2025\/09\/IMG_20250925_111724-1024x663.jpg 1024w, https:\/\/atelierdespetitessouris.com\/wp-content\/uploads\/2025\/09\/IMG_20250925_111724-300x194.jpg 300w, https:\/\/atelierdespetitessouris.com\/wp-content\/uploads\/2025\/09\/IMG_20250925_111724-768x498.jpg 768w, https:\/\/atelierdespetitessouris.com\/wp-content\/uploads\/2025\/09\/IMG_20250925_111724-1536x995.jpg 1536w, https:\/\/atelierdespetitessouris.com\/wp-content\/uploads\/2025\/09\/IMG_20250925_111724-2048x1327.jpg 2048w\" sizes=\"auto, (max-width: 1024px) 100vw, 1024px\" \/><figcaption class=\"wp-element-caption\">Cadre d\u00e9cor\u00e9 <\/figcaption><\/figure>\n\n\n\n<figure class=\"wp-block-image size-large is-style-rounded\"><img loading=\"lazy\" decoding=\"async\" width=\"1024\" height=\"771\" data-id=\"169\" src=\"https:\/\/atelierdespetitessouris.com\/wp-content\/uploads\/2023\/05\/IMG_20230507_113354-1024x771.jpg\" alt=\"\" class=\"wp-image-169\" srcset=\"https:\/\/atelierdespetitessouris.com\/wp-content\/uploads\/2023\/05\/IMG_20230507_113354-1024x771.jpg 1024w, https:\/\/atelierdespetitessouris.com\/wp-content\/uploads\/2023\/05\/IMG_20230507_113354-300x226.jpg 300w, https:\/\/atelierdespetitessouris.com\/wp-content\/uploads\/2023\/05\/IMG_20230507_113354-768x578.jpg 768w, https:\/\/atelierdespetitessouris.com\/wp-content\/uploads\/2023\/05\/IMG_20230507_113354-1536x1157.jpg 1536w, https:\/\/atelierdespetitessouris.com\/wp-content\/uploads\/2023\/05\/IMG_20230507_113354-2048x1542.jpg 2048w\" sizes=\"auto, (max-width: 1024px) 100vw, 1024px\" \/><figcaption class=\"wp-element-caption\">Animaux en pompons<\/figcaption><\/figure>\n<\/figure>\n\n\n\n<div style=\"height:100px\" aria-hidden=\"true\" class=\"wp-block-spacer\"><\/div>\n","protected":false},"excerpt":{"rendered":"<p>Ateliers de loisirs cr\u00e9atifs Voici quelques exemples de ce que je propose comme ateliers :<\/p>\n","protected":false},"author":1,"featured_media":0,"parent":0,"menu_order":0,"comment_status":"closed","ping_status":"closed","template":"","meta":{"footnotes":""},"class_list":["post-94","page","type-page","status-publish","hentry"],"_links":{"self":[{"href":"https:\/\/atelierdespetitessouris.com\/index.php\/wp-json\/wp\/v2\/pages\/94","targetHints":{"allow":["GET"]}}],"collection":[{"href":"https:\/\/atelierdespetitessouris.com\/index.php\/wp-json\/wp\/v2\/pages"}],"about":[{"href":"https:\/\/atelierdespetitessouris.com\/index.php\/wp-json\/wp\/v2\/types\/page"}],"author":[{"embeddable":true,"href":"https:\/\/atelierdespetitessouris.com\/index.php\/wp-json\/wp\/v2\/users\/1"}],"replies":[{"embeddable":true,"href":"https:\/\/atelierdespetitessouris.com\/index.php\/wp-json\/wp\/v2\/comments?post=94"}],"version-history":[{"count":17,"href":"https:\/\/atelierdespetitessouris.com\/index.php\/wp-json\/wp\/v2\/pages\/94\/revisions"}],"predecessor-version":[{"id":263,"href":"https:\/\/atelierdespetitessouris.com\/index.php\/wp-json\/wp\/v2\/pages\/94\/revisions\/263"}],"wp:attachment":[{"href":"https:\/\/atelierdespetitessouris.com\/index.php\/wp-json\/wp\/v2\/media?parent=94"}],"curies":[{"name":"wp","href":"https:\/\/api.w.org\/{rel}","templated":true}]}}