{"id":188,"date":"2023-05-08T17:05:14","date_gmt":"2023-05-08T15:05:14","guid":{"rendered":"https:\/\/atelierdespetitessouris.com\/?page_id=188"},"modified":"2025-09-25T12:32:59","modified_gmt":"2025-09-25T10:32:59","slug":"agenda","status":"publish","type":"page","link":"https:\/\/atelierdespetitessouris.com\/index.php\/agenda\/","title":{"rendered":"Agenda"},"content":{"rendered":"\n<pre class=\"wp-block-verse has-text-align-center has-fg-color has-text-color has-large-font-size\" style=\"font-style:normal;font-weight:600\"><br>Atelier de loisirs cr\u00e9atifs<br> ou de dessin M\u00e9thode Helguy \u00e0 la carte<br><\/pre>\n\n\n\n<div class=\"wp-block-columns is-layout-flex wp-container-core-columns-is-layout-28f84493 wp-block-columns-is-layout-flex\">\n<div class=\"wp-block-column is-layout-flow wp-block-column-is-layout-flow\" style=\"flex-basis:100%\">\n<div style=\"height:0px\" aria-hidden=\"true\" class=\"wp-block-spacer\"><\/div>\n<\/div>\n<\/div>\n\n\n\n<pre class=\"wp-block-verse has-text-align-center has-fg-color has-text-color has-link-color has-medium-font-size wp-elements-dbc1dc7ba564c557b1374d648f889ef1\" style=\"font-style:normal;font-weight:700\">Pour adultes et enfants<br>A votre domicile ou pour tout \u00e9v\u00e8nements festifs<br>En individuel ou en groupe<br><br>Tarifs par personne*<br>Atelier de 3h\u00a0: 30 euros<br>Atelier de 2h\u00a0: 20 euros<br>Atelier de 1h\u00a0: 13 euros<br><br>*Si l'atelier est collectif, une remise de 20% sera effectu\u00e9e<br> pour la personne recevant \u00e0 son domicile.<br>Pour vos \u00e9v\u00e9nements festifs, me contacter pour un devis personnalis\u00e9<br><\/pre>\n","protected":false},"excerpt":{"rendered":"<p>Atelier de loisirs cr\u00e9atifs ou de dessin M\u00e9thode Helguy \u00e0 la carte Pour adultes et enfantsA votre domicile ou pour&hellip;<\/p>\n","protected":false},"author":1,"featured_media":0,"parent":0,"menu_order":0,"comment_status":"closed","ping_status":"closed","template":"","meta":{"footnotes":""},"class_list":["post-188","page","type-page","status-publish","hentry"],"_links":{"self":[{"href":"https:\/\/atelierdespetitessouris.com\/index.php\/wp-json\/wp\/v2\/pages\/188","targetHints":{"allow":["GET"]}}],"collection":[{"href":"https:\/\/atelierdespetitessouris.com\/index.php\/wp-json\/wp\/v2\/pages"}],"about":[{"href":"https:\/\/atelierdespetitessouris.com\/index.php\/wp-json\/wp\/v2\/types\/page"}],"author":[{"embeddable":true,"href":"https:\/\/atelierdespetitessouris.com\/index.php\/wp-json\/wp\/v2\/users\/1"}],"replies":[{"embeddable":true,"href":"https:\/\/atelierdespetitessouris.com\/index.php\/wp-json\/wp\/v2\/comments?post=188"}],"version-history":[{"count":12,"href":"https:\/\/atelierdespetitessouris.com\/index.php\/wp-json\/wp\/v2\/pages\/188\/revisions"}],"predecessor-version":[{"id":247,"href":"https:\/\/atelierdespetitessouris.com\/index.php\/wp-json\/wp\/v2\/pages\/188\/revisions\/247"}],"wp:attachment":[{"href":"https:\/\/atelierdespetitessouris.com\/index.php\/wp-json\/wp\/v2\/media?parent=188"}],"curies":[{"name":"wp","href":"https:\/\/api.w.org\/{rel}","templated":true}]}}